Let b(x) be the second derivative of x**5/10 + x**2/2 + x. List the prime factors of b(g).
17
What are the prime factors of (-1000)/(-24) + 1/3?
2, 3, 7
Suppose -747 = -14*k + 5*k. List the prime factors of k.
83
Let l be (-2 + -2)*(0 - -1). Let u = 10 + l. Suppose u*f - f = 25. List the prime factors of f.
5
Suppose 3*k + r - 126 = 0, 7*k - 3*k = -r + 169. List the prime factors of k.
43
Let x(j) be the second derivative of j**4/2 + j**3/6 + j**2/2 + j. What are the prime factors of x(-1)?
2, 3
Let s be (-4)/8 - (-22)/4. Suppose 0 = 3*b + a + 13 - 36, -b = s*a - 17. What are the prime factors of b?
7
List the prime factors of (10/8 - -6) + (-2)/8.
7
Suppose -5*t - 403 = 4*k, -5*t - k - k - 409 = 0. Let n = t - -117. What are the prime factors of n?
2, 17
Suppose 0 = -3*t + 4*k + 86, 6*t - 2*t - 4*k = 120. List the prime factors of t.
2, 17
Suppose 0 = -5*p, 6*f = 2*f + 5*p. Suppose f = 3*i - 8*i + 4*v + 53, 4 = i - 3*v. List the prime factors of i/2*(9 + -7).
13
Suppose 0 = -m + 3*c + c + 9, 5*c = -5*m + 20. Let q(a) = -a**3 + 7*a**2 - 3*a - 3. What are the prime factors of q(m)?
2
Let o(q) = -q**2 + 12*q + 12. List the prime factors of o(12).
2, 3
Let u be (24/(-18))/((-1)/3). Suppose -s + 0*s = -u. Suppose s*g - 6 = g. What are the prime factors of g?
2
Suppose 4 = 2*u + 3*j + 2*j, -5*u + 10 = -3*j. Suppose -6*x + 4*x + 4*v = 4, -u*v = -2*x - 8. Let c = x + 10. What are the prime factors of c?
2
Let g(v) = -v**2 + 4*v - 24. Let a be g(5). Suppose 0 = -5*r + 3*c + 270, 3*r - 4*c = 2*r + 71. Let h = a + r. What are the prime factors of h?
2, 11
Suppose 4*r + 32 = 4*v, 0 = -5*r - 4*v + 5 - 0. What are the prime factors of (-1)/(r/63) + -3?
2, 3
Let g = 11 + -12. Let i = 3 + g. What are the prime factors of i?
2
Suppose -h - 22 = 2*f, f = 3*h + 2*h + 55. Let c = 0 - h. What are the prime factors of c?
2, 3
Let l = -12 + 32. List the prime factors of l.
2, 5
Let a = -19 + 10. Let p be (a/6)/((-6)/8). Suppose 69 = -p*l + 5*l. What are the prime factors of l?
23
Let s = 39 - -19. What are the prime factors of s?
2, 29
Let t = -14 - -20. Suppose -s = -t - 11. What are the prime factors of s?
17
Let x(s) be the second derivative of s**4/12 - 7*s**3/6 + 4*s**2 - s. Let z be x(6). Let a = z - 0. What are the prime factors of a?
2
Suppose x - 35 = 4*d + 9, 44 = x - 5*d. List the prime factors of x.
2, 11
Suppose 11*k + 692 = 15*k. List the prime factors of k.
173
Suppose 5*b + 27 = 107. What are the prime factors of (-24)/b - 194/(-4)?
47
Suppose 3*r - 4*l = 9, l = -2*l - 9. Let m = r + 47. List the prime factors of m.
2, 23
Let j be ((-3)/(-6))/(2/4). Suppose -i + j - 9 = 0. List the prime factors of i*(-2 - (-3 - -2)).
2
Let n = 10 + -5. Suppose -n*p - 2*d + 1 = -3, 0 = -5*p + 4*d + 22. Suppose 8 + 20 = p*a. List the prime factors of a.
2, 7
Let v = 186 - 125. List the prime factors of v.
61
Let x = -2 + 3. What are the prime factors of -1 + x + 2 - -19?
3, 7
Suppose o + 3*o - 56 = 0. Suppose -3*k = -4*l - 20, -2*l + 3*k = 7*k + 32. Let m = o + l. What are the prime factors of m?
2, 3
Let r = -31 - -20. Let v = 19 + r. What are the prime factors of v?
2
Let o = -169 - -249. Suppose 0 = -y - 2*a + 3, 5*y - 3*a + 0*a = o. List the prime factors of y.
13
Let m = 5 - 5. Suppose m = -3*c + 2*c + 2. Suppose -4*b + 10 = -c*b. List the prime factors of b.
5
Let s(p) be the second derivative of p**5/12 - p**4/24 - p**3/2 - 3*p. Let l(m) be the second derivative of s(m). What are the prime factors of l(1)?
3
Let v = -148 - -309. What are the prime factors of v?
7, 23
Let d(f) = -f**3 - 5*f**2 + 6*f - 3. Let z(k) = k**3 - 4*k**2 + k. Let x be z(3). Let w be d(x). List the prime factors of ((-42)/(-4))/(w/(-4)).
2, 7
Suppose 44 = 3*s + s. What are the prime factors of s + (-5)/((-10)/(-4))?
3
Suppose -33 = 5*d + 2*o, d - 2*o + o = -1. Let t be 0 - d*(4 + -3). Suppose t*z + 23 - 103 = 0. What are the prime factors of z?
2
List the prime factors of ((-8)/28 - 135/(-7)) + 1.
2, 5
List the prime factors of (-6)/24 + (-589)/(-4).
3, 7
Let k(c) = -c**3 + 8*c**2 - c + 4. Let t be k(8). Let a = t - -4. Let o = 3 + a. List the prime factors of o.
3
Let o(n) = n**2 + 6*n - 2. Let b be o(-6). Let a be b + 3 + 19 + 3. Suppose a + 52 = 5*k. What are the prime factors of k?
3, 5
Let n = -12 + 17. Suppose n*k = p + 14, k = -k - 2*p - 4. Suppose 2*s - 11 = 5*c, -2*c = 4*s - k*s - 18. List the prime factors of s.
2
Let o(l) = -l**3 - 4*l**2 - 3*l + 4. Let w be o(-3). Suppose s - w*s = 5*u - 66, 0 = 4*s - 5*u - 88. List the prime factors of s.
2, 11
List the prime factors of 69 - (1 + (-1 - 0)).
3, 23
Let t be 16/(-6)*(-9)/(-4). Let x = t - -8. Suppose -x*p = -0*p - 4. What are the prime factors of p?
2
Let c = 1 - -3. Suppose 2 - 6 = c*r - 4*b, 0 = -4*r + b + 8. Suppose 32 = r*z + 5*j, 20 = 2*z - 0*j + 3*j. List the prime factors of z.
2
Suppose -15*k - 460 = -20*k. List the prime factors of k.
2, 23
Let o = -42 - -58. What are the prime factors of o?
2
List the prime factors of (78/(-24))/(-1)*108.
3, 13
Let j be -2 - (-6)/2 - 23. List the prime factors of (-4)/(3 + j/6).
2, 3
Let k = 115 + -43. Suppose -d + 2 + 0 = 0, 4*z = 4*d - k. Let c = 30 + z. What are the prime factors of c?
2, 7
Let l(j) = 6*j**3 + j**2 - 3*j + 2. List the prime factors of l(1).
2, 3
Suppose 5*v - 44 = -14. Let u be (1 + v/(-4))*-2. Suppose 0 = -4*x - u + 29. List the prime factors of x.
7
Suppose 4*r = -2*w - 2*w + 4, 0 = 3*r - w + 1. Let t be (-19)/(-2) - (-2)/(-4). Suppose 4*b - 3 - t = r. What are the prime factors of b?
3
Let k(w) = -6*w**2 - 2*w - 1. Let o be k(-1). Suppose 5*p - 12 - 43 = 0. Let s = o + p. What are the prime factors of s?
2, 3
Let z(y) = 5*y - 16. Let b be z(7). Suppose -3*r = -4*r + b. List the prime factors of r.
19
Let r be -3 + 5 - (-8)/2. What are the prime factors of (30/4)/(r/20)?
5
Let b = 4 + -5. Let z(p) = -17*p. What are the prime factors of z(b)?
17
Let o(f) = -2*f + 99. List the prime factors of o(0).
3, 11
Let b = 48 + -17. What are the prime factors of b?
31
Let l be 4640/25 + (-3)/5. Suppose 5*b = l + 5. What are the prime factors of b?
2, 19
Let g = 14 + -5. What are the prime factors of 6/g*-3 - -6?
2
Suppose -k - 3*g - 2*g + 107 = 0, 308 = 4*k - 4*g. List the prime factors of k.
2, 41
Let n(d) = -d + 5. List the prime factors of n(-13).
2, 3
Let d = 280 - 140. What are the prime factors of d?
2, 5, 7
Let k(b) be the third derivative of -1/3*b**3 + 0*b + 0 + 1/12*b**4 + 1/60*b**5 - b**2. List the prime factors of k(-4).
2, 3
Let t = 1 - -2. Suppose 11 = 3*v - 2*v - t*z, 0 = -3*v + 3*z + 27. Suppose -2*d + 5*b + v = -3, 0 = -5*d + 3*b + 18. What are the prime factors of d?
3
Let t(w) = w**2 - 6*w - 12. Suppose -4*i + 11 = 7*r - 2*r, 4*i - 41 = r. List the prime factors of t(i).
3, 5
Let h be 0*3/(-9)*1. Let q(f) = 0*f + h*f - 2*f. List the prime factors of q(-5).
2, 5
Suppose -3*k + 87 - 18 = 0. What are the prime factors of k?
23
Let a(b) = 2*b - 7. Let k be a(6). Suppose -g = 3*c - 4*g, -k*c + 24 = 3*g. Suppose 2*s + c*s - 30 = 0. List the prime factors of s.
2, 3
Let c(m) = -m + 5. Let k be c(0). Let w(q) = q**3 - 4*q**2 + 3*q. What are the prime factors of w(k)?
2, 5
Suppose 4*m = 2*q + 2*q, -m - 5*q = 0. Suppose -2*u - 2*u + 40 = m. What are the prime factors of u?
2, 5
Let n(g) = 4*g**3 - 3*g**2 + 8*g + 10. Let k(d) = 5*d**3 - 2*d**2 + 9*d + 11. Let w(b) = -3*k(b) + 4*n(b). List the prime factors of w(5).
7
Let z(a) = -4*a**2 - 3*a + 5*a - 3 - 3*a. Let v(q) = -7*q**2 - 3*q - 6. Let d(l) = -3*v(l) + 5*z(l). What are the prime factors of d(-4)?
3
List the prime factors of -5*-3*(-10)/(-15).
2, 5
Let r(q) = -q**2 + 14*q - 1. Let w be r(13). Let x = -7 + w. List the prime factors of x.
5
Suppose -5*u = -130 - 85. What are the prime factors of u?
43
Suppose a - 406 + 1306 = 4*h, 4*h - 924 = -5*a. Let f = -155 + h. Suppose -4*z = -f + 23. What are the prime factors of z?
2, 3
Suppose 0 = -4*j + j. Let h = j + 2. List the prime factors of h.
2
Suppose -3*r + 36 = j, 2*r - 101 = 3*j - 6*j. List the prime factors of j.
3, 11
List the prime factors of (369/(-3) + -4)*-1.
127
Suppose 2*z - 3*p - 276 - 7 = 0, p - 441 = -3*z. What are the prime factors of z?
2, 73
Suppose -2*v = 8, -6*j + j - 52 = 3*v. Let y be 0 + (j - -2)/(-3). Suppose -y*x + 32 = -0*x. What are 